{"id":246,"date":"2017-10-31T10:59:26","date_gmt":"2017-10-31T09:59:26","guid":{"rendered":"http:\/\/le-chaf.be\/?page_id=246"},"modified":"2026-04-17T15:43:45","modified_gmt":"2026-04-17T13:43:45","slug":"direction-generale","status":"publish","type":"page","link":"https:\/\/le-chaf.be\/index.php\/direction-generale\/","title":{"rendered":"Direction g\u00e9n\u00e9rale"},"content":{"rendered":"<p>Pour toute question relative \u00e0 l\u2019ASBL, \u00e0 son fonctionnement g\u00e9n\u00e9ral, ou pour toute demande ou signalement relevant de la Direction, vous pouvez contacter la Direction g\u00e9n\u00e9rale : <strong>Madame Amanda Couturier<\/strong><\/p>\n<p>T\u00e9l. : 071\/38.62.80 ou 071\/38.41.46<br data-start=\"1955\" data-end=\"1958\" \/>E-mail : <a class=\"decorated-link cursor-pointer\" rel=\"noopener\" data-start=\"1967\" data-end=\"1996\">direction.generale@le-chaf.be<\/a><\/p>\n\n\n<p><\/p>\n","protected":false},"excerpt":{"rendered":"<p>Pour toute question relative \u00e0 l\u2019ASBL, \u00e0 son fonctionnement g\u00e9n\u00e9ral, ou pour toute demande ou signalement relevant de la Direction, vous pouvez contacter la Direction g\u00e9n\u00e9rale : Madame Amanda Couturier T\u00e9l. : 071\/38.62.80 ou 071\/38.41.46E-mail : direction.generale@le-chaf.be<\/p>\n","protected":false},"author":1,"featured_media":0,"parent":0,"menu_order":0,"comment_status":"closed","ping_status":"closed","template":"","meta":{"footnotes":""},"class_list":["post-246","page","type-page","status-publish","hentry"],"_links":{"self":[{"href":"https:\/\/le-chaf.be\/index.php\/wp-json\/wp\/v2\/pages\/246","targetHints":{"allow":["GET"]}}],"collection":[{"href":"https:\/\/le-chaf.be\/index.php\/wp-json\/wp\/v2\/pages"}],"about":[{"href":"https:\/\/le-chaf.be\/index.php\/wp-json\/wp\/v2\/types\/page"}],"author":[{"embeddable":true,"href":"https:\/\/le-chaf.be\/index.php\/wp-json\/wp\/v2\/users\/1"}],"replies":[{"embeddable":true,"href":"https:\/\/le-chaf.be\/index.php\/wp-json\/wp\/v2\/comments?post=246"}],"version-history":[{"count":9,"href":"https:\/\/le-chaf.be\/index.php\/wp-json\/wp\/v2\/pages\/246\/revisions"}],"predecessor-version":[{"id":1314,"href":"https:\/\/le-chaf.be\/index.php\/wp-json\/wp\/v2\/pages\/246\/revisions\/1314"}],"wp:attachment":[{"href":"https:\/\/le-chaf.be\/index.php\/wp-json\/wp\/v2\/media?parent=246"}],"curies":[{"name":"wp","href":"https:\/\/api.w.org\/{rel}","templated":true}]}}

Direction générale

<p>Pour toute question relative à l’ASBL, à son fonctionnement général, ou pour toute demande ou signalement relevant de la Direction, vous pouvez contacter la Direction générale : <strong>Madame Amanda Couturier</strong></p>
<p>Tél. : 071/38.62.80 ou 071/38.41.46<br data-start="1955" data-end="1958" />E-mail : <a class="decorated-link cursor-pointer" rel="noopener" data-start="1967" data-end="1996">direction.generale@le-chaf.be</a></p>


<p></p>

<p>Pour toute question relative à l’ASBL, à son fonctionnement général, ou pour toute demande ou signalement relevant de la Direction, vous pouvez contacter la Direction générale : Madame Amanda Couturier Tél. : 071/38.62.80 ou 071/38.41.46E-mail : direction.generale@le-chaf.be</p>
