{"id":238,"date":"2017-10-31T10:30:08","date_gmt":"2017-10-31T09:30:08","guid":{"rendered":"http:\/\/le-chaf.be\/?page_id=238"},"modified":"2024-03-20T19:50:48","modified_gmt":"2024-03-20T18:50:48","slug":"service-accueil-de-jour-pour-adultes-s-a-j-a","status":"publish","type":"page","link":"https:\/\/le-chaf.be\/index.php\/service-accueil-de-jour-pour-adultes-s-a-j-a\/","title":{"rendered":"Service Accueil de Jour pour Adultes &#8211; S.A.J.A."},"content":{"rendered":"<p><img loading=\"lazy\" decoding=\"async\" class=\"alignnone wp-image-518 size-large\" src=\"https:\/\/le-chaf.be\/wp-content\/uploads\/2018\/08\/IMG_1254-1024x197.jpg\" alt=\"\" width=\"900\" height=\"173\" srcset=\"https:\/\/le-chaf.be\/wp-content\/uploads\/2018\/08\/IMG_1254-1024x197.jpg 1024w, https:\/\/le-chaf.be\/wp-content\/uploads\/2018\/08\/IMG_1254-300x58.jpg 300w, https:\/\/le-chaf.be\/wp-content\/uploads\/2018\/08\/IMG_1254-768x148.jpg 768w, https:\/\/le-chaf.be\/wp-content\/uploads\/2018\/08\/IMG_1254-1000x193.jpg 1000w, https:\/\/le-chaf.be\/wp-content\/uploads\/2018\/08\/IMG_1254.jpg 1960w\" sizes=\"auto, (max-width: 900px) 100vw, 900px\" \/><\/p>\n<p>Le Service d&rsquo;Accueil de jour pour Adultes (S.A.J.A.) propose 8 ateliers occupationnels ouverts du lundi au vendredi de 8h45 \u00e0 16h00.<\/p>\n<p>Les activit\u00e9s propos\u00e9es sont vari\u00e9es:<\/p>\n<ul>\n<li style=\"list-style-type: none;\">\n<ul>\n<li>Boulangerie: fabrication de pain, desserts, petite restauration, etc.;<\/li>\n<li>Recup&rsquo;Art: d\u00e9coration de meubles, cr\u00e9ations en bois, confection d&rsquo;objets d\u00e9coratifs, etc.;<\/li>\n<li>Artisanat: techniques d&rsquo;artisanat vari\u00e9es (peintures, papier m\u00e2ch\u00e9, etc.);<\/li>\n<li>Menuiserie: r\u00e9alisations \u00e0 partir de palettes et bois de r\u00e9cup\u00e9ration;<\/li>\n<li>\u00ab\u00a0Pabed\u00a0\u00bb: Jeux de soci\u00e9t\u00e9, tricot, sensibilisation aux soins des animaux, etc.;<\/li>\n<li>\u00ab\u00a0L&rsquo;air du temps\u00a0\u00bb: confection de cartes de v\u0153ux, d\u00e9coration, scrapbooking, etc.;<\/li>\n<li>Les \u00ab\u00a0Hartistes\u00a0\u00bb: Edition du journal de l&rsquo;institution \u00ab\u00a0Le Tchaffieur\u00a0\u00bb, montage vid\u00e9o, cr\u00e9ation de courts-m\u00e9trages, etc.;<\/li>\n<li>\u00ab\u00a0Sport&rsquo;af\u00a0\u00bb: hippoth\u00e9rapie, athl\u00e9tisme, marche, basket, boccia, fitness, piscine, etc.<\/li>\n<\/ul>\n<\/li>\n<\/ul>\n<p>A cela, s&rsquo;ajoute de nombreuses activit\u00e9s ludiques stimulant la personne \u00e0 diff\u00e9rents niveaux :<\/p>\n<ul>\n<li>gym douce \/ gym ballon \/ gym sur chaise<\/li>\n<li>yoga \/ relaxation<\/li>\n<li>danse \/ Zumba<\/li>\n<li>th\u00e9\u00e2tre<\/li>\n<li>karaok\u00e9<\/li>\n<li>activit\u00e9s festives li\u00e9s aux saisons.<\/li>\n<\/ul>\n<p><img loading=\"lazy\" decoding=\"async\" class=\"alignnone wp-image-476 size-large\" src=\"https:\/\/le-chaf.be\/wp-content\/uploads\/2018\/08\/IMG_1249-1-1024x768.jpg\" alt=\"\" width=\"900\" height=\"675\" srcset=\"https:\/\/le-chaf.be\/wp-content\/uploads\/2018\/08\/IMG_1249-1-1024x768.jpg 1024w, https:\/\/le-chaf.be\/wp-content\/uploads\/2018\/08\/IMG_1249-1-300x225.jpg 300w, https:\/\/le-chaf.be\/wp-content\/uploads\/2018\/08\/IMG_1249-1-768x576.jpg 768w, https:\/\/le-chaf.be\/wp-content\/uploads\/2018\/08\/IMG_1249-1-400x300.jpg 400w, https:\/\/le-chaf.be\/wp-content\/uploads\/2018\/08\/IMG_1249-1.jpg 2016w\" sizes=\"auto, (max-width: 900px) 100vw, 900px\" \/><\/p>\n<p><img loading=\"lazy\" decoding=\"async\" class=\"alignright wp-image-475 size-large\" src=\"https:\/\/le-chaf.be\/wp-content\/uploads\/2018\/08\/IMG_1248-1-1024x768.jpg\" alt=\"\" width=\"900\" height=\"675\" srcset=\"https:\/\/le-chaf.be\/wp-content\/uploads\/2018\/08\/IMG_1248-1-1024x768.jpg 1024w, https:\/\/le-chaf.be\/wp-content\/uploads\/2018\/08\/IMG_1248-1-300x225.jpg 300w, https:\/\/le-chaf.be\/wp-content\/uploads\/2018\/08\/IMG_1248-1-768x576.jpg 768w, https:\/\/le-chaf.be\/wp-content\/uploads\/2018\/08\/IMG_1248-1-400x300.jpg 400w, https:\/\/le-chaf.be\/wp-content\/uploads\/2018\/08\/IMG_1248-1.jpg 2016w\" sizes=\"auto, (max-width: 900px) 100vw, 900px\" \/><\/p>\n<p><img loading=\"lazy\" decoding=\"async\" class=\"size-medium wp-image-474 alignleft\" src=\"https:\/\/le-chaf.be\/wp-content\/uploads\/2018\/08\/IMG_1247-300x225.jpg\" alt=\"\" width=\"300\" height=\"225\" srcset=\"https:\/\/le-chaf.be\/wp-content\/uploads\/2018\/08\/IMG_1247-300x225.jpg 300w, https:\/\/le-chaf.be\/wp-content\/uploads\/2018\/08\/IMG_1247-768x576.jpg 768w, https:\/\/le-chaf.be\/wp-content\/uploads\/2018\/08\/IMG_1247-1024x768.jpg 1024w, https:\/\/le-chaf.be\/wp-content\/uploads\/2018\/08\/IMG_1247-400x300.jpg 400w, https:\/\/le-chaf.be\/wp-content\/uploads\/2018\/08\/IMG_1247.jpg 2016w\" sizes=\"auto, (max-width: 300px) 100vw, 300px\" \/><\/p>\n<p><img loading=\"lazy\" decoding=\"async\" class=\"alignright wp-image-477 size-medium\" src=\"https:\/\/le-chaf.be\/wp-content\/uploads\/2018\/08\/IMG_1250-1-300x170.jpg\" alt=\"\" width=\"300\" height=\"170\" srcset=\"https:\/\/le-chaf.be\/wp-content\/uploads\/2018\/08\/IMG_1250-1-300x170.jpg 300w, https:\/\/le-chaf.be\/wp-content\/uploads\/2018\/08\/IMG_1250-1-768x435.jpg 768w, https:\/\/le-chaf.be\/wp-content\/uploads\/2018\/08\/IMG_1250-1-1024x580.jpg 1024w, https:\/\/le-chaf.be\/wp-content\/uploads\/2018\/08\/IMG_1250-1-530x300.jpg 530w, https:\/\/le-chaf.be\/wp-content\/uploads\/2018\/08\/IMG_1250-1.jpg 2016w\" sizes=\"auto, (max-width: 300px) 100vw, 300px\" \/><\/p>\n<p><img loading=\"lazy\" decoding=\"async\" class=\"alignnone size-medium wp-image-479\" src=\"https:\/\/le-chaf.be\/wp-content\/uploads\/2018\/08\/IMG_1234-300x225.jpg\" alt=\"\" width=\"300\" height=\"225\" srcset=\"https:\/\/le-chaf.be\/wp-content\/uploads\/2018\/08\/IMG_1234-300x225.jpg 300w, https:\/\/le-chaf.be\/wp-content\/uploads\/2018\/08\/IMG_1234-768x576.jpg 768w, https:\/\/le-chaf.be\/wp-content\/uploads\/2018\/08\/IMG_1234-1024x768.jpg 1024w, https:\/\/le-chaf.be\/wp-content\/uploads\/2018\/08\/IMG_1234-400x300.jpg 400w, https:\/\/le-chaf.be\/wp-content\/uploads\/2018\/08\/IMG_1234.jpg 2016w\" sizes=\"auto, (max-width: 300px) 100vw, 300px\" \/><\/p>\n\n\n<figure class=\"wp-block-image size-large\"><img loading=\"lazy\" decoding=\"async\" width=\"1024\" height=\"768\" src=\"https:\/\/le-chaf.be\/wp-content\/uploads\/2023\/05\/20221215_082643-1024x768.jpg\" alt=\"\" class=\"wp-image-1279\" srcset=\"https:\/\/le-chaf.be\/wp-content\/uploads\/2023\/05\/20221215_082643-1024x768.jpg 1024w, https:\/\/le-chaf.be\/wp-content\/uploads\/2023\/05\/20221215_082643-300x225.jpg 300w, https:\/\/le-chaf.be\/wp-content\/uploads\/2023\/05\/20221215_082643-768x576.jpg 768w, https:\/\/le-chaf.be\/wp-content\/uploads\/2023\/05\/20221215_082643-1536x1152.jpg 1536w, https:\/\/le-chaf.be\/wp-content\/uploads\/2023\/05\/20221215_082643-2048x1536.jpg 2048w, https:\/\/le-chaf.be\/wp-content\/uploads\/2023\/05\/20221215_082643-400x300.jpg 400w\" sizes=\"auto, (max-width: 1024px) 100vw, 1024px\" \/><\/figure>\n","protected":false},"excerpt":{"rendered":"<p>Le Service d&rsquo;Accueil de jour pour Adultes (S.A.J.A.) propose 8 ateliers occupationnels ouverts du lundi au vendredi de 8h45 \u00e0 16h00. Les activit\u00e9s propos\u00e9es sont vari\u00e9es: Boulangerie: fabrication de pain, desserts, petite restauration, etc.; Recup&rsquo;Art: d\u00e9coration de meubles, cr\u00e9ations en bois, confection d&rsquo;objets d\u00e9coratifs, etc.; Artisanat: techniques d&rsquo;artisanat vari\u00e9es (peintures, papier m\u00e2ch\u00e9, etc.); Menuiserie: r\u00e9alisations&hellip; <a class=\"more-link\" href=\"https:\/\/le-chaf.be\/index.php\/service-accueil-de-jour-pour-adultes-s-a-j-a\/\">Read More <span class=\"screen-reader-text\">Service Accueil de Jour pour Adultes &#8211; S.A.J.A.<\/span><\/a><\/p>\n","protected":false},"author":1,"featured_media":0,"parent":0,"menu_order":0,"comment_status":"closed","ping_status":"closed","template":"","meta":{"footnotes":""},"class_list":["post-238","page","type-page","status-publish","hentry"],"_links":{"self":[{"href":"https:\/\/le-chaf.be\/index.php\/wp-json\/wp\/v2\/pages\/238","targetHints":{"allow":["GET"]}}],"collection":[{"href":"https:\/\/le-chaf.be\/index.php\/wp-json\/wp\/v2\/pages"}],"about":[{"href":"https:\/\/le-chaf.be\/index.php\/wp-json\/wp\/v2\/types\/page"}],"author":[{"embeddable":true,"href":"https:\/\/le-chaf.be\/index.php\/wp-json\/wp\/v2\/users\/1"}],"replies":[{"embeddable":true,"href":"https:\/\/le-chaf.be\/index.php\/wp-json\/wp\/v2\/comments?post=238"}],"version-history":[{"count":8,"href":"https:\/\/le-chaf.be\/index.php\/wp-json\/wp\/v2\/pages\/238\/revisions"}],"predecessor-version":[{"id":1280,"href":"https:\/\/le-chaf.be\/index.php\/wp-json\/wp\/v2\/pages\/238\/revisions\/1280"}],"wp:attachment":[{"href":"https:\/\/le-chaf.be\/index.php\/wp-json\/wp\/v2\/media?parent=238"}],"curies":[{"name":"wp","href":"https:\/\/api.w.org\/{rel}","templated":true}]}}