{"id":126,"date":"2017-01-12T13:14:16","date_gmt":"2017-01-12T12:14:16","guid":{"rendered":"http:\/\/le-chaf.be\/?page_id=126"},"modified":"2024-03-20T19:50:48","modified_gmt":"2024-03-20T18:50:48","slug":"nos-partenaires","status":"publish","type":"page","link":"https:\/\/le-chaf.be\/index.php\/nos-partenaires\/","title":{"rendered":"Nos partenaires"},"content":{"rendered":"<p style=\"text-align: center;\">Nos premiers partenaires sont repr\u00e9sent\u00e9s par les bienfaiteurs que sont les familles, proches collaborateurs et sympathisants des r\u00e9sidents du CHAF.<\/p>\n<p style=\"text-align: center;\">Nous pouvons \u00e9galement compter sur de g\u00e9n\u00e9reux soutiens divers:<\/p>\n<p><img loading=\"lazy\" decoding=\"async\" class=\"wp-image-127 alignleft\" src=\"https:\/\/le-chaf.be\/wp-content\/uploads\/2017\/01\/ENGIE_logotype_gradient_BLUE_RGB-150x150.png\" alt=\"ENGIE_logotype_gradient_BLUE_RGB\" width=\"94\" height=\"93\" \/><\/p>\n<p style=\"text-align: left;\">Notre partenaire pour deux projets :<\/p>\n<ul>\n<li style=\"text-align: left;\">en 2014 l&rsquo;achat de v\u00e9los ;<\/li>\n<li style=\"text-align: left;\">en 2017, l&rsquo;am\u00e9nagement de tables pique-nique c\u00f4t\u00e9 r\u00e9sidentiel<\/li>\n<li>en 2020, le renouvellement des sols du service r\u00e9sidentiel<\/li>\n<\/ul>\n<p>CERA est la plus grande coop\u00e9rative de Belgique. En f\u00e9d\u00e9rant ressources humaines, moyens et organisations, en unissant les forces, en prenant des initiatives et en r\u00e9alisant des projets<\/p>\n<p>Elle nous a permis de renouveler les cuisines des unit\u00e9s de vie en 2018<img loading=\"lazy\" decoding=\"async\" class=\"wp-image-1142 alignleft\" src=\"https:\/\/le-chaf.be\/wp-content\/uploads\/2021\/08\/Logo_cera_png-300x300.png\" alt=\"\" width=\"54\" height=\"54\" srcset=\"https:\/\/le-chaf.be\/wp-content\/uploads\/2021\/08\/Logo_cera_png-300x300.png 300w, https:\/\/le-chaf.be\/wp-content\/uploads\/2021\/08\/Logo_cera_png-150x150.png 150w, https:\/\/le-chaf.be\/wp-content\/uploads\/2021\/08\/Logo_cera_png.png 467w\" sizes=\"auto, (max-width: 54px) 100vw, 54px\" \/><\/p>\n<p>Elle nous soutient dans le renouv\u00e8lement des salles de bain et des sols en 2021<\/p>\n<p><img loading=\"lazy\" decoding=\"async\" class=\"wp-image-1144 alignleft\" src=\"https:\/\/le-chaf.be\/wp-content\/uploads\/2021\/08\/12771535_1695709484048059_9147607686196092442_o-215x300.jpg\" alt=\"\" width=\"150\" height=\"209\" srcset=\"https:\/\/le-chaf.be\/wp-content\/uploads\/2021\/08\/12771535_1695709484048059_9147607686196092442_o-215x300.jpg 215w, https:\/\/le-chaf.be\/wp-content\/uploads\/2021\/08\/12771535_1695709484048059_9147607686196092442_o-733x1024.jpg 733w, https:\/\/le-chaf.be\/wp-content\/uploads\/2021\/08\/12771535_1695709484048059_9147607686196092442_o-768x1073.jpg 768w, https:\/\/le-chaf.be\/wp-content\/uploads\/2021\/08\/12771535_1695709484048059_9147607686196092442_o.jpg 880w\" sizes=\"auto, (max-width: 150px) 100vw, 150px\" \/><\/p>\n<p>\u00a0<\/p>\n<p>Nous a soutenu pour l&rsquo;achat d&rsquo;un nouveau chariot \u00e0 m\u00e9dicament en 2019<\/p>\n<p>\u00a0<\/p>\n<p>Le foyer des amies nous aide depuis 2014 pour divers projets :<\/p>\n<ul>\n<li>100 chaises pour les ateliers et le service r\u00e9sidentiel (2014)<img loading=\"lazy\" decoding=\"async\" class=\" wp-image-350 alignright\" src=\"https:\/\/le-chaf.be\/wp-content\/uploads\/2017\/01\/Foyer-des-Amies_0-300x111.png\" alt=\"\" width=\"225\" height=\"83\" srcset=\"https:\/\/le-chaf.be\/wp-content\/uploads\/2017\/01\/Foyer-des-Amies_0-300x111.png 300w, https:\/\/le-chaf.be\/wp-content\/uploads\/2017\/01\/Foyer-des-Amies_0.png 717w\" sizes=\"auto, (max-width: 225px) 100vw, 225px\" \/><\/li>\n<li>un Home Cin\u00e9ma (2015)<\/li>\n<li>la cr\u00e9ation d&rsquo;armoire \u00e0 chaussures pour le service r\u00e9sidentiel (2016)<\/li>\n<li>le renouvellement de nos petites cuisines dans les unit\u00e9s de vie du service r\u00e9sidentiel (2017)<\/li>\n<li>en 2018, pour le renouvellement de notre chariot \u00e0 m\u00e9dicament<\/li>\n<li>en 2019, pour l&rsquo;achat d&rsquo;un v\u00e9hicule pour l&rsquo;institution<\/li>\n<li>en 2020, pour le renouvellement des salles de bain du service r\u00e9sidentiel.\u00a0<\/li>\n<\/ul>\n<p><img loading=\"lazy\" decoding=\"async\" class=\" wp-image-135 alignleft\" src=\"https:\/\/le-chaf.be\/wp-content\/uploads\/2017\/01\/cap-48-150x150.png\" alt=\"cap 48\" width=\"48\" height=\"48\" srcset=\"https:\/\/le-chaf.be\/wp-content\/uploads\/2017\/01\/cap-48-150x150.png 150w, https:\/\/le-chaf.be\/wp-content\/uploads\/2017\/01\/cap-48.png 225w\" sizes=\"auto, (max-width: 48px) 100vw, 48px\" \/><\/p>\n<p>Gr\u00e2ce \u00e0 la vente des post-it d\u00e9but octobre, ce partenaire nous a permis d&rsquo;obtenir<\/p>\n<ul>\n<li>un nouveau v\u00e9hicule en 2016,<\/li>\n<li>des nouvelles machines \u00e0 laver en 2018<\/li>\n<li>de r\u00e9nover le r\u00e9fectoire en 2021<\/li>\n<\/ul>\n<p><img loading=\"lazy\" decoding=\"async\" class=\"wp-image-351 alignright\" src=\"https:\/\/le-chaf.be\/wp-content\/uploads\/2017\/01\/174334_1461687141.jpg\" alt=\"\" width=\"84\" height=\"83\" srcset=\"https:\/\/le-chaf.be\/wp-content\/uploads\/2017\/01\/174334_1461687141.jpg 270w, https:\/\/le-chaf.be\/wp-content\/uploads\/2017\/01\/174334_1461687141-150x150.jpg 150w\" sizes=\"auto, (max-width: 84px) 100vw, 84px\" \/><\/p>\n<p>Les \u0153uvres du Soir ont contribu\u00e9 \u00e0 la r\u00e9alisation :<\/p>\n<ul>\n<li>des jardins am\u00e9nag\u00e9s du CHAF (tables pique-niques) (2016)<\/li>\n<li>des petites cuisines pour les unit\u00e9s de vie (2017)<\/li>\n<li>de l&rsquo;achat de tablette pour r\u00e9alis\u00e9 des ateliers num\u00e9riques (2019)<\/li>\n<li>du renouvellement des lieux de vie (2020)<\/li>\n<\/ul>\n<p><img loading=\"lazy\" decoding=\"async\" class=\"wp-image-147 alignleft\" src=\"https:\/\/le-chaf.be\/wp-content\/uploads\/2017\/01\/logos_footer_1-1-1024x597.jpg\" width=\"184\" height=\"107\" srcset=\"https:\/\/le-chaf.be\/wp-content\/uploads\/2017\/01\/logos_footer_1-1-1024x597.jpg 1024w, https:\/\/le-chaf.be\/wp-content\/uploads\/2017\/01\/logos_footer_1-1-300x175.jpg 300w, https:\/\/le-chaf.be\/wp-content\/uploads\/2017\/01\/logos_footer_1-1-768x447.jpg 768w, https:\/\/le-chaf.be\/wp-content\/uploads\/2017\/01\/logos_footer_1-1-500x291.jpg 500w, https:\/\/le-chaf.be\/wp-content\/uploads\/2017\/01\/logos_footer_1-1.jpg 1754w\" sizes=\"auto, (max-width: 184px) 100vw, 184px\" \/><\/p>\n<p>Le SPW nous a permis :<\/p>\n<ul>\n<li>en 2015, d&rsquo;acheter un nouveau v\u00e9hicule (via la Loterie Nationale)<\/li>\n<li>en 2016, de publier notre T&rsquo;chaffieur via la poste et de pr\u00e9voir le mat\u00e9riel n\u00e9cessaire \u00e0 sa publication (ordinateur, papier&#8230;)<\/li>\n<\/ul>\n<p><img loading=\"lazy\" decoding=\"async\" class=\"wp-image-132 alignright\" src=\"https:\/\/le-chaf.be\/wp-content\/uploads\/2017\/01\/Logo-AViQ-1.jpg\" alt=\"Logo-AViQ (1)\" width=\"200\" height=\"91\" \/><\/p>\n<p>\u00a0<\/p>\n<p>Nous sommes agr\u00e9\u00e9s et subsidi\u00e9s par l&rsquo;AVIQ pour accueillir les personnes pr\u00e9sentant une d\u00e9ficience mentale depuis 1998.<\/p>\n\n\n<p><\/p>\n\n\n\n<figure class=\"wp-block-image\"><img loading=\"lazy\" decoding=\"async\" width=\"150\" height=\"150\" src=\"https:\/\/le-chaf.be\/wp-content\/uploads\/2021\/08\/cq5dam.web_.680.9999-150x150.jpeg\" alt=\"\" class=\"wp-image-1141\"\/><figcaption>1<\/figcaption><\/figure>\n\n\n\n<p>Gr\u00e2ce \u00e0 VOUS, la r\u00e9colte du Labcap,\u00a0<br>&#8211; nous a permis l&rsquo;achat de nouvelles chaises en 2015<br>&#8211; nous a permis l&rsquo;achat d&rsquo;un v\u00e9hicule en 2019<br>&#8211; nous a permis de renouveler les salles de bain en 2020<\/p>\n\n\n\n<p>&#8211; nous a permis d&rsquo;acheter notre nouveau lave-vaisselle professionnel en 2022<\/p>\n\n\n\n<figure class=\"wp-block-image size-full is-resized\"><img loading=\"lazy\" decoding=\"async\" src=\"https:\/\/le-chaf.be\/wp-content\/uploads\/2022\/09\/logo-UFB-1.png\" alt=\"\" class=\"wp-image-1226\" width=\"414\" height=\"201\" srcset=\"https:\/\/le-chaf.be\/wp-content\/uploads\/2022\/09\/logo-UFB-1.png 960w, https:\/\/le-chaf.be\/wp-content\/uploads\/2022\/09\/logo-UFB-1-300x146.png 300w, https:\/\/le-chaf.be\/wp-content\/uploads\/2022\/09\/logo-UFB-1-768x374.png 768w, https:\/\/le-chaf.be\/wp-content\/uploads\/2022\/09\/logo-UFB-1-615x300.png 615w\" sizes=\"auto, (max-width: 414px) 100vw, 414px\" \/><\/figure>\n\n\n\n<p>United Fund For Belfium nous a soutenu en 2017 pour l&rsquo;achat de nouvelles machines \u00e0 laver<\/p>\n\n\n\n<p>et<\/p>\n\n\n\n<p>en 2022 pour la r\u00e9novation de la route !<\/p>\n","protected":false},"excerpt":{"rendered":"<p>Nos premiers partenaires sont repr\u00e9sent\u00e9s par les bienfaiteurs que sont les familles, proches collaborateurs et sympathisants des r\u00e9sidents du CHAF. Nous pouvons \u00e9galement compter sur de g\u00e9n\u00e9reux soutiens divers: Notre partenaire pour deux projets : en 2014 l&rsquo;achat de v\u00e9los ; en 2017, l&rsquo;am\u00e9nagement de tables pique-nique c\u00f4t\u00e9 r\u00e9sidentiel en 2020, le renouvellement des sols&hellip; <a class=\"more-link\" href=\"https:\/\/le-chaf.be\/index.php\/nos-partenaires\/\">Read More <span class=\"screen-reader-text\">Nos partenaires<\/span><\/a><\/p>\n","protected":false},"author":1,"featured_media":0,"parent":0,"menu_order":0,"comment_status":"closed","ping_status":"closed","template":"","meta":{"footnotes":""},"class_list":["post-126","page","type-page","status-publish","hentry"],"_links":{"self":[{"href":"https:\/\/le-chaf.be\/index.php\/wp-json\/wp\/v2\/pages\/126","targetHints":{"allow":["GET"]}}],"collection":[{"href":"https:\/\/le-chaf.be\/index.php\/wp-json\/wp\/v2\/pages"}],"about":[{"href":"https:\/\/le-chaf.be\/index.php\/wp-json\/wp\/v2\/types\/page"}],"author":[{"embeddable":true,"href":"https:\/\/le-chaf.be\/index.php\/wp-json\/wp\/v2\/users\/1"}],"replies":[{"embeddable":true,"href":"https:\/\/le-chaf.be\/index.php\/wp-json\/wp\/v2\/comments?post=126"}],"version-history":[{"count":16,"href":"https:\/\/le-chaf.be\/index.php\/wp-json\/wp\/v2\/pages\/126\/revisions"}],"predecessor-version":[{"id":1227,"href":"https:\/\/le-chaf.be\/index.php\/wp-json\/wp\/v2\/pages\/126\/revisions\/1227"}],"wp:attachment":[{"href":"https:\/\/le-chaf.be\/index.php\/wp-json\/wp\/v2\/media?parent=126"}],"curies":[{"name":"wp","href":"https:\/\/api.w.org\/{rel}","templated":true}]}}

<p style="text-align: center;">Nos premiers partenaires sont représentés par les bienfaiteurs que sont les familles, proches collaborateurs et sympathisants des résidents du CHAF.</p>
<p style="text-align: center;">Nous pouvons également compter sur de généreux soutiens divers:</p>
<p><img loading="lazy" decoding="async" class="wp-image-127 alignleft" src="https://le-chaf.be/wp-content/uploads/2017/01/ENGIE_logotype_gradient_BLUE_RGB-150x150.png" alt="ENGIE_logotype_gradient_BLUE_RGB" width="94" height="93" /></p>
<p style="text-align: left;">Notre partenaire pour deux projets :</p>
<ul>
<li style="text-align: left;">en 2014 l&rsquo;achat de vélos ;</li>
<li style="text-align: left;">en 2017, l&rsquo;aménagement de tables pique-nique côté résidentiel</li>
<li>en 2020, le renouvellement des sols du service résidentiel</li>
</ul>
<p>CERA est la plus grande coopérative de Belgique. En fédérant ressources humaines, moyens et organisations, en unissant les forces, en prenant des initiatives et en réalisant des projets</p>
<p>Elle nous a permis de renouveler les cuisines des unités de vie en 2018<img loading="lazy" decoding="async" class="wp-image-1142 alignleft" src="https://le-chaf.be/wp-content/uploads/2021/08/Logo_cera_png-300x300.png" alt="" width="54" height="54" srcset="https://le-chaf.be/wp-content/uploads/2021/08/Logo_cera_png-300x300.png 300w, https://le-chaf.be/wp-content/uploads/2021/08/Logo_cera_png-150x150.png 150w, https://le-chaf.be/wp-content/uploads/2021/08/Logo_cera_png.png 467w" sizes="auto, (max-width: 54px) 100vw, 54px" /></p>
<p>Elle nous soutient dans le renouvèlement des salles de bain et des sols en 2021</p>
<p><img loading="lazy" decoding="async" class="wp-image-1144 alignleft" src="https://le-chaf.be/wp-content/uploads/2021/08/12771535_1695709484048059_9147607686196092442_o-215x300.jpg" alt="" width="150" height="209" srcset="https://le-chaf.be/wp-content/uploads/2021/08/12771535_1695709484048059_9147607686196092442_o-215x300.jpg 215w, https://le-chaf.be/wp-content/uploads/2021/08/12771535_1695709484048059_9147607686196092442_o-733x1024.jpg 733w, https://le-chaf.be/wp-content/uploads/2021/08/12771535_1695709484048059_9147607686196092442_o-768x1073.jpg 768w, https://le-chaf.be/wp-content/uploads/2021/08/12771535_1695709484048059_9147607686196092442_o.jpg 880w" sizes="auto, (max-width: 150px) 100vw, 150px" /></p>
<p> </p>
<p>Nous a soutenu pour l&rsquo;achat d&rsquo;un nouveau chariot à médicament en 2019</p>
<p> </p>
<p>Le foyer des amies nous aide depuis 2014 pour divers projets :</p>
<ul>
<li>100 chaises pour les ateliers et le service résidentiel (2014)<img loading="lazy" decoding="async" class=" wp-image-350 alignright" src="https://le-chaf.be/wp-content/uploads/2017/01/Foyer-des-Amies_0-300x111.png" alt="" width="225" height="83" srcset="https://le-chaf.be/wp-content/uploads/2017/01/Foyer-des-Amies_0-300x111.png 300w, https://le-chaf.be/wp-content/uploads/2017/01/Foyer-des-Amies_0.png 717w" sizes="auto, (max-width: 225px) 100vw, 225px" /></li>
<li>un Home Cinéma (2015)</li>
<li>la création d&rsquo;armoire à chaussures pour le service résidentiel (2016)</li>
<li>le renouvellement de nos petites cuisines dans les unités de vie du service résidentiel (2017)</li>
<li>en 2018, pour le renouvellement de notre chariot à médicament</li>
<li>en 2019, pour l&rsquo;achat d&rsquo;un véhicule pour l&rsquo;institution</li>
<li>en 2020, pour le renouvellement des salles de bain du service résidentiel. </li>
</ul>
<p><img loading="lazy" decoding="async" class=" wp-image-135 alignleft" src="https://le-chaf.be/wp-content/uploads/2017/01/cap-48-150x150.png" alt="cap 48" width="48" height="48" srcset="https://le-chaf.be/wp-content/uploads/2017/01/cap-48-150x150.png 150w, https://le-chaf.be/wp-content/uploads/2017/01/cap-48.png 225w" sizes="auto, (max-width: 48px) 100vw, 48px" /></p>
<p>Grâce à la vente des post-it début octobre, ce partenaire nous a permis d&rsquo;obtenir</p>
<ul>
<li>un nouveau véhicule en 2016,</li>
<li>des nouvelles machines à laver en 2018</li>
<li>de rénover le réfectoire en 2021</li>
</ul>
<p><img loading="lazy" decoding="async" class="wp-image-351 alignright" src="https://le-chaf.be/wp-content/uploads/2017/01/174334_1461687141.jpg" alt="" width="84" height="83" srcset="https://le-chaf.be/wp-content/uploads/2017/01/174334_1461687141.jpg 270w, https://le-chaf.be/wp-content/uploads/2017/01/174334_1461687141-150x150.jpg 150w" sizes="auto, (max-width: 84px) 100vw, 84px" /></p>
<p>Les œuvres du Soir ont contribué à la réalisation :</p>
<ul>
<li>des jardins aménagés du CHAF (tables pique-niques) (2016)</li>
<li>des petites cuisines pour les unités de vie (2017)</li>
<li>de l&rsquo;achat de tablette pour réalisé des ateliers numériques (2019)</li>
<li>du renouvellement des lieux de vie (2020)</li>
</ul>
<p><img loading="lazy" decoding="async" class="wp-image-147 alignleft" src="https://le-chaf.be/wp-content/uploads/2017/01/logos_footer_1-1-1024x597.jpg" width="184" height="107" srcset="https://le-chaf.be/wp-content/uploads/2017/01/logos_footer_1-1-1024x597.jpg 1024w, https://le-chaf.be/wp-content/uploads/2017/01/logos_footer_1-1-300x175.jpg 300w, https://le-chaf.be/wp-content/uploads/2017/01/logos_footer_1-1-768x447.jpg 768w, https://le-chaf.be/wp-content/uploads/2017/01/logos_footer_1-1-500x291.jpg 500w, https://le-chaf.be/wp-content/uploads/2017/01/logos_footer_1-1.jpg 1754w" sizes="auto, (max-width: 184px) 100vw, 184px" /></p>
<p>Le SPW nous a permis :</p>
<ul>
<li>en 2015, d&rsquo;acheter un nouveau véhicule (via la Loterie Nationale)</li>
<li>en 2016, de publier notre T&rsquo;chaffieur via la poste et de prévoir le matériel nécessaire à sa publication (ordinateur, papier&#8230;)</li>
</ul>
<p><img loading="lazy" decoding="async" class="wp-image-132 alignright" src="https://le-chaf.be/wp-content/uploads/2017/01/Logo-AViQ-1.jpg" alt="Logo-AViQ (1)" width="200" height="91" /></p>
<p> </p>
<p>Nous sommes agréés et subsidiés par l&rsquo;AVIQ pour accueillir les personnes présentant une déficience mentale depuis 1998.</p>


<p></p>



<figure class="wp-block-image"><img loading="lazy" decoding="async" width="150" height="150" src="https://le-chaf.be/wp-content/uploads/2021/08/cq5dam.web_.680.9999-150x150.jpeg" alt="" class="wp-image-1141"/><figcaption>1</figcaption></figure>



<p>Grâce à VOUS, la récolte du Labcap, <br>&#8211; nous a permis l&rsquo;achat de nouvelles chaises en 2015<br>&#8211; nous a permis l&rsquo;achat d&rsquo;un véhicule en 2019<br>&#8211; nous a permis de renouveler les salles de bain en 2020</p>



<p>&#8211; nous a permis d&rsquo;acheter notre nouveau lave-vaisselle professionnel en 2022</p>



<figure class="wp-block-image size-full is-resized"><img loading="lazy" decoding="async" src="https://le-chaf.be/wp-content/uploads/2022/09/logo-UFB-1.png" alt="" class="wp-image-1226" width="414" height="201" srcset="https://le-chaf.be/wp-content/uploads/2022/09/logo-UFB-1.png 960w, https://le-chaf.be/wp-content/uploads/2022/09/logo-UFB-1-300x146.png 300w, https://le-chaf.be/wp-content/uploads/2022/09/logo-UFB-1-768x374.png 768w, https://le-chaf.be/wp-content/uploads/2022/09/logo-UFB-1-615x300.png 615w" sizes="auto, (max-width: 414px) 100vw, 414px" /></figure>



<p>United Fund For Belfium nous a soutenu en 2017 pour l&rsquo;achat de nouvelles machines à laver</p>



<p>et</p>



<p>en 2022 pour la rénovation de la route !</p>

<p>Nos premiers partenaires sont représentés par les bienfaiteurs que sont les familles, proches collaborateurs et sympathisants des résidents du CHAF. Nous pouvons également compter sur de généreux soutiens divers: Notre partenaire pour deux projets : en 2014 l&rsquo;achat de vélos ; en 2017, l&rsquo;aménagement de tables pique-nique côté résidentiel en 2020, le renouvellement des sols&hellip; <a class="more-link" href="https://le-chaf.be/index.php/nos-partenaires/">Read More <span class="screen-reader-text">Nos partenaires</span></a></p>
